{"id":303,"date":"2014-03-26T22:42:35","date_gmt":"2014-03-26T21:42:35","guid":{"rendered":"http:\/\/s519078666.onlinehome.fr\/?page_id=303"},"modified":"2015-03-10T15:32:13","modified_gmt":"2015-03-10T14:32:13","slug":"la-genetique-gene-abca4","status":"publish","type":"page","link":"http:\/\/www.stargardt.fr\/test\/la-genetique-gene-abca4\/","title":{"rendered":"La g\u00e9n\u00e9tique"},"content":{"rendered":"<h2>Alt\u00e9ration du g\u00e8ne ABCA4<\/h2>\n<p><strong>La maladie de Stargardt est une maladie orpheline d\u2019origine g\u00e9n\u00e9tique.<\/strong><\/p>\n<p>Dans la majorit\u00e9 des cas, la maladie de Stargardt\u00a0est due \u00e0 une alt\u00e9ration d\u2019un g\u00e8ne\u00a0: le g\u00e8ne ABCA4 (=\u00a0<i>ATP-Binding Cassette, Subfamily A, Member 4)\u00a0<\/i>. Il est pr\u00e9sent sur un seul chromosome, le chromosome 1. Il est de grande taille (50 exons) et sujet \u00e0 nombreuses mutations (alt\u00e9rations).<\/p>\n<p>Le fait que\u00a0ce g\u00e8ne soit\u00a0le seul responsable de la maladie de Stargardt est un vrai avantage pour les strat\u00e9gies de traitement en th\u00e9rapie g\u00e9nique et cellulaire. Par contre, sa grande taille oblige les chercheurs en th\u00e9rapie g\u00e9nique \u00e0 trouver une strat\u00e9gie complexe pour soit diminuer le poids du g\u00e8ne ABCA4 sain avant son transport par vectorisation dans les cellules de l\u2019\u0153il, soit le couper avant transport et organiser sa recombinaison apr\u00e8s p\u00e9n\u00e9tration \u00e0 l\u2019int\u00e9rieur de la cellule.<\/p>\n<p>Le g\u00e8ne ABCA4 est \u00e0 l\u2019origine de la\u00a0prot\u00e9ine ABCA4 produite dans les photor\u00e9cepteurs, qui joue un r\u00f4le important dans le fonctionnement de la r\u00e9tine. Cette prot\u00e9ine intervient dans le transport de d\u00e9riv\u00e9s de la vitamine A au travers des couches cellulaires de la r\u00e9tine.<\/p>\n<p>Lorsqu\u2019il y a une mutation sur ce g\u00e8ne, les propri\u00e9t\u00e9s de la prot\u00e9ine ABCA4 sont modifi\u00e9es.<\/p>\n<p>Le fonctionnement anormal de la prot\u00e9ine entra\u00eene une accumulation d\u2019un d\u00e9riv\u00e9 \u00ab\u00a0toxique\u00a0\u00bb appel\u00e9 lipofuscine dans l\u2019\u00e9pith\u00e9lium pigmentaire r\u00e9tinien. La lipofuscine est responsable du mauvais fonctionnement et de la d\u00e9gradation de l\u2019\u00e9pith\u00e9lium. Par la suite, les photor\u00e9cepteurs sont atteints puis d\u00e9truits ce qui conduit \u00e0 l\u2019atrophie de la macula.<\/p>\n<p>L\u2019accumulation de la lipofuscine est d\u2019autant plus importante que l\u2019exposition \u00e0 la lumi\u00e8re est grande.<\/p>\n<p>Les mutations du g\u00e8ne ABCA4 sont responsables d\u2019une activit\u00e9 r\u00e9siduelle variable de la prot\u00e9ine\u00a0 que l\u2019on retrouve dans les diff\u00e9rentes formes de la maladie de Stargardt\u00a0:<\/p>\n<ul>\n<li>Mutations qui provoquent une diminution \u00e9lev\u00e9e d\u2019activit\u00e9 &gt; Forme pr\u00e9coce de la maladie<\/li>\n<li>Mutations qui laissent une activit\u00e9 r\u00e9siduelle &gt; Forme tardive et mod\u00e9r\u00e9e de la maladie<\/li>\n<\/ul>\n<p>&nbsp;<\/p>\n<p><em>A noter\u00a0: il existe une forme Autosomique Dominante, beaucoup plus rare, de la maladie de Stargardt, due \u00e0 une mutation d\u2019un autre g\u00e8ne, ELOVL4, (situ\u00e9 sur les chromosomes 6 et 13).<\/em><\/p>\n<p style=\"margin: 0cm; margin-bottom: .0001pt;\">Le g\u00e8ne ABCA4 est aussi \u00a0impliqu\u00e9 dans d&rsquo;autres maladies des yeux\u00a0comme les dystrophies r\u00e9tiniennes mixtes suivantes :<\/p>\n<ul>\n<li style=\"margin: 0cm; margin-bottom: .0001pt;\">la r\u00e9tinite pigmentaires r\u00e9cessives RP19<\/li>\n<li style=\"margin: 0cm; margin-bottom: .0001pt;\">la dystrophie de type Cone-Red CORD3<\/li>\n<li style=\"margin: 0cm; margin-bottom: .0001pt;\">la d\u00e9g\u00e9n\u00e9rescence maculaire li\u00e9e \u00e0 l&rsquo;\u00e2ge DMLA pour laquelle il existe des similitudes dans les m\u00e9canismes physiopathologiques.<\/li>\n<\/ul>\n<p style=\"margin: 0cm; margin-bottom: .0001pt;\">\n<div style=\"padding-bottom:20px; padding-top:10px;\" class=\"hupso-share-buttons\"><!-- Hupso Share Buttons - https:\/\/www.hupso.com\/share\/ --><a class=\"hupso_toolbar\" href=\"https:\/\/www.hupso.com\/share\/\"><img src=\"http:\/\/static.hupso.com\/share\/buttons\/lang\/fr\/share.png\" rel=\"PrettyPhoto[303]\" style=\"border:0px; padding-top: 5px; float:left;\" alt=\"Share Button\"\/><\/a><script type=\"text\/javascript\">var hupso_services_t=new Array(\"Twitter\",\"Facebook\",\"Google Plus\");var hupso_background_t=\"#EAF4FF\";var hupso_border_t=\"#66CCFF\";var hupso_toolbar_size_t=\"big\";var hupso_image_folder_url = \"\";var hupso_url_t=\"\";var hupso_title_t=\"La%20g%C3%A9n%C3%A9tique\";<\/script><script type=\"text\/javascript\" src=\"http:\/\/static.hupso.com\/share\/js\/share_toolbar.js\"><\/script><!-- Hupso Share Buttons --><\/div>","protected":false},"excerpt":{"rendered":"<p>Alt\u00e9ration du g\u00e8ne ABCA4 La maladie de Stargardt est une maladie orpheline d\u2019origine g\u00e9n\u00e9tique. Dans la majorit\u00e9 des cas, la maladie de Stargardt\u00a0est due \u00e0 une alt\u00e9ration d\u2019un g\u00e8ne\u00a0: le g\u00e8ne ABCA4 (=\u00a0ATP-Binding Cassette, Subfamily A, Member 4)\u00a0. Il est pr\u00e9sent sur un seul chromosome, le chromosome 1. Il est de grande taille (50 exons)&#8230;<\/p>\n<div style=\"padding-bottom:20px; padding-top:10px;\" class=\"hupso-share-buttons\"><!-- Hupso Share Buttons - https:\/\/www.hupso.com\/share\/ --><a class=\"hupso_toolbar\" href=\"https:\/\/www.hupso.com\/share\/\"><img src=\"http:\/\/static.hupso.com\/share\/buttons\/lang\/fr\/share.png\" style=\"border:0px; padding-top: 5px; float:left;\" alt=\"Share Button\"\/><\/a><script type=\"text\/javascript\">var hupso_services_t=new Array(\"Twitter\",\"Facebook\",\"Google Plus\");var hupso_background_t=\"#EAF4FF\";var hupso_border_t=\"#66CCFF\";var hupso_toolbar_size_t=\"big\";var hupso_image_folder_url = \"\";var hupso_url_t=\"\";var hupso_title_t=\"La%20g%C3%A9n%C3%A9tique\";<\/script><script type=\"text\/javascript\" src=\"http:\/\/static.hupso.com\/share\/js\/share_toolbar.js\"><\/script><!-- Hupso Share Buttons --><\/div>","protected":false},"author":1,"featured_media":0,"parent":0,"menu_order":0,"comment_status":"open","ping_status":"open","template":"","meta":[],"yoast_head":"<!-- This site is optimized with the Yoast SEO plugin v19.4 - https:\/\/yoast.com\/wordpress\/plugins\/seo\/ -->\n<title>La g\u00e9n\u00e9tique - Nouveau site test<\/title>\n<meta name=\"description\" content=\"La maladie de Stargardt est une maladie orpheline d\u2019origine g\u00e9n\u00e9tique. Dans la majorit\u00e9 des cas, elle est li\u00e9e \u00e0 une alt\u00e9ration du g\u00e8ne ABCA4.\" \/>\n<meta name=\"robots\" content=\"index, follow, max-snippet:-1, max-image-preview:large, max-video-preview:-1\" \/>\n<link rel=\"canonical\" href=\"https:\/\/www.stargardt.fr\/test\/la-genetique-gene-abca4\/\" \/>\n<meta property=\"og:locale\" content=\"fr_FR\" \/>\n<meta property=\"og:type\" content=\"article\" \/>\n<meta property=\"og:title\" content=\"La g\u00e9n\u00e9tique - Nouveau site test\" \/>\n<meta property=\"og:description\" content=\"La maladie de Stargardt est une maladie orpheline d\u2019origine g\u00e9n\u00e9tique. Dans la majorit\u00e9 des cas, elle est li\u00e9e \u00e0 une alt\u00e9ration du g\u00e8ne ABCA4.\" \/>\n<meta property=\"og:url\" content=\"https:\/\/www.stargardt.fr\/test\/la-genetique-gene-abca4\/\" \/>\n<meta property=\"og:site_name\" content=\"Nouveau site test\" \/>\n<meta property=\"article:modified_time\" content=\"2015-03-10T14:32:13+00:00\" \/>\n<meta name=\"twitter:label1\" content=\"Dur\u00e9e de lecture estim\u00e9e\" \/>\n\t<meta name=\"twitter:data1\" content=\"2 minutes\" \/>\n<script type=\"application\/ld+json\" class=\"yoast-schema-graph\">{\"@context\":\"https:\/\/schema.org\",\"@graph\":[{\"@type\":\"WebSite\",\"@id\":\"http:\/\/www.stargardt.fr\/test\/#website\",\"url\":\"http:\/\/www.stargardt.fr\/test\/\",\"name\":\"Nouveau site test\",\"description\":\"Agir pour la recherche sur la maladie de Stargardt\",\"potentialAction\":[{\"@type\":\"SearchAction\",\"target\":{\"@type\":\"EntryPoint\",\"urlTemplate\":\"http:\/\/www.stargardt.fr\/test\/?s={search_term_string}\"},\"query-input\":\"required name=search_term_string\"}],\"inLanguage\":\"fr-FR\"},{\"@type\":\"WebPage\",\"@id\":\"https:\/\/www.stargardt.fr\/test\/la-genetique-gene-abca4\/\",\"url\":\"https:\/\/www.stargardt.fr\/test\/la-genetique-gene-abca4\/\",\"name\":\"La g\u00e9n\u00e9tique - Nouveau site test\",\"isPartOf\":{\"@id\":\"http:\/\/www.stargardt.fr\/test\/#website\"},\"datePublished\":\"2014-03-26T21:42:35+00:00\",\"dateModified\":\"2015-03-10T14:32:13+00:00\",\"description\":\"La maladie de Stargardt est une maladie orpheline d\u2019origine g\u00e9n\u00e9tique. Dans la majorit\u00e9 des cas, elle est li\u00e9e \u00e0 une alt\u00e9ration du g\u00e8ne ABCA4.\",\"breadcrumb\":{\"@id\":\"https:\/\/www.stargardt.fr\/test\/la-genetique-gene-abca4\/#breadcrumb\"},\"inLanguage\":\"fr-FR\",\"potentialAction\":[{\"@type\":\"ReadAction\",\"target\":[\"https:\/\/www.stargardt.fr\/test\/la-genetique-gene-abca4\/\"]}]},{\"@type\":\"BreadcrumbList\",\"@id\":\"https:\/\/www.stargardt.fr\/test\/la-genetique-gene-abca4\/#breadcrumb\",\"itemListElement\":[{\"@type\":\"ListItem\",\"position\":1,\"name\":\"Accueil\",\"item\":\"http:\/\/www.stargardt.fr\/test\/\"},{\"@type\":\"ListItem\",\"position\":2,\"name\":\"La g\u00e9n\u00e9tique\"}]}]}<\/script>\n<!-- \/ Yoast SEO plugin. -->","yoast_head_json":{"title":"La g\u00e9n\u00e9tique - Nouveau site test","description":"La maladie de Stargardt est une maladie orpheline d\u2019origine g\u00e9n\u00e9tique. Dans la majorit\u00e9 des cas, elle est li\u00e9e \u00e0 une alt\u00e9ration du g\u00e8ne ABCA4.","robots":{"index":"index","follow":"follow","max-snippet":"max-snippet:-1","max-image-preview":"max-image-preview:large","max-video-preview":"max-video-preview:-1"},"canonical":"https:\/\/www.stargardt.fr\/test\/la-genetique-gene-abca4\/","og_locale":"fr_FR","og_type":"article","og_title":"La g\u00e9n\u00e9tique - Nouveau site test","og_description":"La maladie de Stargardt est une maladie orpheline d\u2019origine g\u00e9n\u00e9tique. Dans la majorit\u00e9 des cas, elle est li\u00e9e \u00e0 une alt\u00e9ration du g\u00e8ne ABCA4.","og_url":"https:\/\/www.stargardt.fr\/test\/la-genetique-gene-abca4\/","og_site_name":"Nouveau site test","article_modified_time":"2015-03-10T14:32:13+00:00","twitter_misc":{"Dur\u00e9e de lecture estim\u00e9e":"2 minutes"},"schema":{"@context":"https:\/\/schema.org","@graph":[{"@type":"WebSite","@id":"http:\/\/www.stargardt.fr\/test\/#website","url":"http:\/\/www.stargardt.fr\/test\/","name":"Nouveau site test","description":"Agir pour la recherche sur la maladie de Stargardt","potentialAction":[{"@type":"SearchAction","target":{"@type":"EntryPoint","urlTemplate":"http:\/\/www.stargardt.fr\/test\/?s={search_term_string}"},"query-input":"required name=search_term_string"}],"inLanguage":"fr-FR"},{"@type":"WebPage","@id":"https:\/\/www.stargardt.fr\/test\/la-genetique-gene-abca4\/","url":"https:\/\/www.stargardt.fr\/test\/la-genetique-gene-abca4\/","name":"La g\u00e9n\u00e9tique - Nouveau site test","isPartOf":{"@id":"http:\/\/www.stargardt.fr\/test\/#website"},"datePublished":"2014-03-26T21:42:35+00:00","dateModified":"2015-03-10T14:32:13+00:00","description":"La maladie de Stargardt est une maladie orpheline d\u2019origine g\u00e9n\u00e9tique. Dans la majorit\u00e9 des cas, elle est li\u00e9e \u00e0 une alt\u00e9ration du g\u00e8ne ABCA4.","breadcrumb":{"@id":"https:\/\/www.stargardt.fr\/test\/la-genetique-gene-abca4\/#breadcrumb"},"inLanguage":"fr-FR","potentialAction":[{"@type":"ReadAction","target":["https:\/\/www.stargardt.fr\/test\/la-genetique-gene-abca4\/"]}]},{"@type":"BreadcrumbList","@id":"https:\/\/www.stargardt.fr\/test\/la-genetique-gene-abca4\/#breadcrumb","itemListElement":[{"@type":"ListItem","position":1,"name":"Accueil","item":"http:\/\/www.stargardt.fr\/test\/"},{"@type":"ListItem","position":2,"name":"La g\u00e9n\u00e9tique"}]}]}},"_links":{"self":[{"href":"http:\/\/www.stargardt.fr\/test\/wp-json\/wp\/v2\/pages\/303"}],"collection":[{"href":"http:\/\/www.stargardt.fr\/test\/wp-json\/wp\/v2\/pages"}],"about":[{"href":"http:\/\/www.stargardt.fr\/test\/wp-json\/wp\/v2\/types\/page"}],"author":[{"embeddable":true,"href":"http:\/\/www.stargardt.fr\/test\/wp-json\/wp\/v2\/users\/1"}],"replies":[{"embeddable":true,"href":"http:\/\/www.stargardt.fr\/test\/wp-json\/wp\/v2\/comments?post=303"}],"version-history":[{"count":11,"href":"http:\/\/www.stargardt.fr\/test\/wp-json\/wp\/v2\/pages\/303\/revisions"}],"predecessor-version":[{"id":951,"href":"http:\/\/www.stargardt.fr\/test\/wp-json\/wp\/v2\/pages\/303\/revisions\/951"}],"wp:attachment":[{"href":"http:\/\/www.stargardt.fr\/test\/wp-json\/wp\/v2\/media?parent=303"}],"curies":[{"name":"wp","href":"https:\/\/api.w.org\/{rel}","templated":true}]}}