{"id":516,"date":"2014-03-31T16:50:58","date_gmt":"2014-03-31T15:50:58","guid":{"rendered":"http:\/\/s519078666.onlinehome.fr\/?page_id=516"},"modified":"2014-04-07T08:40:41","modified_gmt":"2014-04-07T07:40:41","slug":"dons-particuliers","status":"publish","type":"page","link":"http:\/\/www.stargardt.fr\/test\/faites-un-don2\/dons-particuliers\/","title":{"rendered":"Dons particuliers"},"content":{"rendered":"<div class=\"container\"> <div class=\"three-fourth \">\n<p>Votre don \u00e0 la Fondation Stargardt vous ouvre droit :<\/p>\n<h3>\u00c0\u00a0une r\u00e9duction de 66 % du montant du don sur votre imp\u00f4t sur le revenu (IRPP), dans la limite de 20 % de votre revenu imposable.<\/h3>\n<p>&gt;&gt; Par exemple, en faisant <strong>un don de 10 000 \u20ac<\/strong>, vous pouvez r\u00e9duire votre <strong>IRPP de 6 600 \u20ac<\/strong>.<\/p>\n<h3>\u00c0\u00a0une r\u00e9duction de 75 % du montant du don sur votre imp\u00f4t solidaire sur la fortune (ISF) dans la limite de 50 000 \u20ac.<\/h3>\n<p>&gt;&gt; Par exemple :<\/p>\n<ul>\n<li>En faisant <strong>un don de 10 000\u20ac<\/strong>, vous pouvez r\u00e9duire votre<strong> ISF de 7 500 \u20ac<\/strong>.<\/li>\n<li>En faisant <strong>un don de 100 000 \u20ac<\/strong>, vous pouvez r\u00e9duire votre<strong> ISF de 50 000 \u20ac<\/strong>.<\/li>\n<\/ul>\n<p>Tous ces types de dons ouvrent droit aux avantages fiscaux cit\u00e9s ci-dessus.<\/p>\n<p>La Fondation Stargardt sous \u00e9gide de la Valentin Ha\u00fcy\u00a0\u2013 Fondation vous enverra un re\u00e7u fiscal, \u00e0 vous de d\u00e9cider quel imp\u00f4t vous d\u00e9sirez r\u00e9duire !<\/p>\n<a style=\"background-color: #009dc7; color: #ffffff;\"  class=\"sd-button large  \" href=\"\/wp-content\/uploads\/2014\/03\/formulaireDON.pdf\" > T\u00c9L\u00c9CHARGEZ LE FORMULAIRE DE DON<\/a>\n<p><a href=\"http:\/\/vosdroits.service-public.fr\/particuliers\/F426.xhtml\" target=\"_blank\">Pour obtenir plus d\u2019informations, vous pouvez consulter le site www.impots.gouv.fr<\/a><\/p>\n<\/div>\n<div class=\"one-fourth last \">\n<h3>Vous pouvez nous contacter \u00e0 l\u2019adresse suivante :<\/h3>\n<h4><strong>Fondation Stargardt<\/strong><br \/>\n9 rue Pastourelle<br \/>\n75003 Paris, France<br \/>\nT\u00e9l. : +33 (0)9 53 73 68 15<\/h4>\n<a style=\"background-color: #009dc7; color: #ffffff;\"  class=\"sd-button large  \" href=\"\/faites-un-don\/\" > FAITES UN DON<\/a>\n<\/div><div class=\"clearfix\"><\/div>\n<\/div>\n<div style=\"padding-bottom:20px; padding-top:10px;\" class=\"hupso-share-buttons\"><!-- Hupso Share Buttons - https:\/\/www.hupso.com\/share\/ --><a class=\"hupso_toolbar\" href=\"https:\/\/www.hupso.com\/share\/\"><img src=\"http:\/\/static.hupso.com\/share\/buttons\/lang\/fr\/share.png\" rel=\"PrettyPhoto[516]\" style=\"border:0px; padding-top: 5px; float:left;\" alt=\"Share Button\"\/><\/a><script type=\"text\/javascript\">var hupso_services_t=new Array(\"Twitter\",\"Facebook\",\"Google Plus\");var hupso_background_t=\"#EAF4FF\";var hupso_border_t=\"#66CCFF\";var hupso_toolbar_size_t=\"big\";var hupso_image_folder_url = \"\";var hupso_url_t=\"\";var hupso_title_t=\"Dons%20particuliers\";<\/script><script type=\"text\/javascript\" src=\"http:\/\/static.hupso.com\/share\/js\/share_toolbar.js\"><\/script><!-- Hupso Share Buttons --><\/div>","protected":false},"excerpt":{"rendered":"<div style=\"padding-bottom:20px; padding-top:10px;\" class=\"hupso-share-buttons\"><!-- Hupso Share Buttons - https:\/\/www.hupso.com\/share\/ --><a class=\"hupso_toolbar\" href=\"https:\/\/www.hupso.com\/share\/\"><img src=\"http:\/\/static.hupso.com\/share\/buttons\/lang\/fr\/share.png\" style=\"border:0px; padding-top: 5px; float:left;\" alt=\"Share Button\"\/><\/a><script type=\"text\/javascript\">var hupso_services_t=new Array(\"Twitter\",\"Facebook\",\"Google Plus\");var hupso_background_t=\"#EAF4FF\";var hupso_border_t=\"#66CCFF\";var hupso_toolbar_size_t=\"big\";var hupso_image_folder_url = \"\";var hupso_url_t=\"\";var hupso_title_t=\"Dons%20particuliers\";<\/script><script type=\"text\/javascript\" src=\"http:\/\/static.hupso.com\/share\/js\/share_toolbar.js\"><\/script><!-- Hupso Share Buttons --><\/div>","protected":false},"author":2,"featured_media":0,"parent":291,"menu_order":0,"comment_status":"closed","ping_status":"closed","template":"","meta":[],"yoast_head":"<!-- This site is optimized with the Yoast SEO plugin v19.4 - https:\/\/yoast.com\/wordpress\/plugins\/seo\/ -->\n<title>Dons particuliers - Nouveau site test<\/title>\n<meta name=\"robots\" content=\"index, follow, max-snippet:-1, max-image-preview:large, max-video-preview:-1\" \/>\n<link rel=\"canonical\" href=\"http:\/\/www.stargardt.fr\/test\/faites-un-don2\/dons-particuliers\/\" \/>\n<meta property=\"og:locale\" content=\"fr_FR\" \/>\n<meta property=\"og:type\" content=\"article\" \/>\n<meta property=\"og:title\" content=\"Dons particuliers - Nouveau site test\" \/>\n<meta property=\"og:url\" content=\"http:\/\/www.stargardt.fr\/test\/faites-un-don2\/dons-particuliers\/\" \/>\n<meta property=\"og:site_name\" content=\"Nouveau site test\" \/>\n<meta property=\"article:modified_time\" content=\"2014-04-07T07:40:41+00:00\" \/>\n<meta name=\"twitter:label1\" content=\"Dur\u00e9e de lecture estim\u00e9e\" \/>\n\t<meta name=\"twitter:data1\" content=\"1 minute\" \/>\n<script type=\"application\/ld+json\" class=\"yoast-schema-graph\">{\"@context\":\"https:\/\/schema.org\",\"@graph\":[{\"@type\":\"WebSite\",\"@id\":\"http:\/\/www.stargardt.fr\/test\/#website\",\"url\":\"http:\/\/www.stargardt.fr\/test\/\",\"name\":\"Nouveau site test\",\"description\":\"Agir pour la recherche sur la maladie de Stargardt\",\"potentialAction\":[{\"@type\":\"SearchAction\",\"target\":{\"@type\":\"EntryPoint\",\"urlTemplate\":\"http:\/\/www.stargardt.fr\/test\/?s={search_term_string}\"},\"query-input\":\"required name=search_term_string\"}],\"inLanguage\":\"fr-FR\"},{\"@type\":\"WebPage\",\"@id\":\"http:\/\/www.stargardt.fr\/test\/faites-un-don2\/dons-particuliers\/\",\"url\":\"http:\/\/www.stargardt.fr\/test\/faites-un-don2\/dons-particuliers\/\",\"name\":\"Dons particuliers - Nouveau site test\",\"isPartOf\":{\"@id\":\"http:\/\/www.stargardt.fr\/test\/#website\"},\"datePublished\":\"2014-03-31T15:50:58+00:00\",\"dateModified\":\"2014-04-07T07:40:41+00:00\",\"breadcrumb\":{\"@id\":\"http:\/\/www.stargardt.fr\/test\/faites-un-don2\/dons-particuliers\/#breadcrumb\"},\"inLanguage\":\"fr-FR\",\"potentialAction\":[{\"@type\":\"ReadAction\",\"target\":[\"http:\/\/www.stargardt.fr\/test\/faites-un-don2\/dons-particuliers\/\"]}]},{\"@type\":\"BreadcrumbList\",\"@id\":\"http:\/\/www.stargardt.fr\/test\/faites-un-don2\/dons-particuliers\/#breadcrumb\",\"itemListElement\":[{\"@type\":\"ListItem\",\"position\":1,\"name\":\"Accueil\",\"item\":\"http:\/\/www.stargardt.fr\/test\/\"},{\"@type\":\"ListItem\",\"position\":2,\"name\":\"Faire un don\",\"item\":\"http:\/\/www.stargardt.fr\/test\/?page_id=291\"},{\"@type\":\"ListItem\",\"position\":3,\"name\":\"Dons particuliers\"}]}]}<\/script>\n<!-- \/ Yoast SEO plugin. -->","yoast_head_json":{"title":"Dons particuliers - Nouveau site test","robots":{"index":"index","follow":"follow","max-snippet":"max-snippet:-1","max-image-preview":"max-image-preview:large","max-video-preview":"max-video-preview:-1"},"canonical":"http:\/\/www.stargardt.fr\/test\/faites-un-don2\/dons-particuliers\/","og_locale":"fr_FR","og_type":"article","og_title":"Dons particuliers - Nouveau site test","og_url":"http:\/\/www.stargardt.fr\/test\/faites-un-don2\/dons-particuliers\/","og_site_name":"Nouveau site test","article_modified_time":"2014-04-07T07:40:41+00:00","twitter_misc":{"Dur\u00e9e de lecture estim\u00e9e":"1 minute"},"schema":{"@context":"https:\/\/schema.org","@graph":[{"@type":"WebSite","@id":"http:\/\/www.stargardt.fr\/test\/#website","url":"http:\/\/www.stargardt.fr\/test\/","name":"Nouveau site test","description":"Agir pour la recherche sur la maladie de Stargardt","potentialAction":[{"@type":"SearchAction","target":{"@type":"EntryPoint","urlTemplate":"http:\/\/www.stargardt.fr\/test\/?s={search_term_string}"},"query-input":"required name=search_term_string"}],"inLanguage":"fr-FR"},{"@type":"WebPage","@id":"http:\/\/www.stargardt.fr\/test\/faites-un-don2\/dons-particuliers\/","url":"http:\/\/www.stargardt.fr\/test\/faites-un-don2\/dons-particuliers\/","name":"Dons particuliers - Nouveau site test","isPartOf":{"@id":"http:\/\/www.stargardt.fr\/test\/#website"},"datePublished":"2014-03-31T15:50:58+00:00","dateModified":"2014-04-07T07:40:41+00:00","breadcrumb":{"@id":"http:\/\/www.stargardt.fr\/test\/faites-un-don2\/dons-particuliers\/#breadcrumb"},"inLanguage":"fr-FR","potentialAction":[{"@type":"ReadAction","target":["http:\/\/www.stargardt.fr\/test\/faites-un-don2\/dons-particuliers\/"]}]},{"@type":"BreadcrumbList","@id":"http:\/\/www.stargardt.fr\/test\/faites-un-don2\/dons-particuliers\/#breadcrumb","itemListElement":[{"@type":"ListItem","position":1,"name":"Accueil","item":"http:\/\/www.stargardt.fr\/test\/"},{"@type":"ListItem","position":2,"name":"Faire un don","item":"http:\/\/www.stargardt.fr\/test\/?page_id=291"},{"@type":"ListItem","position":3,"name":"Dons particuliers"}]}]}},"_links":{"self":[{"href":"http:\/\/www.stargardt.fr\/test\/wp-json\/wp\/v2\/pages\/516"}],"collection":[{"href":"http:\/\/www.stargardt.fr\/test\/wp-json\/wp\/v2\/pages"}],"about":[{"href":"http:\/\/www.stargardt.fr\/test\/wp-json\/wp\/v2\/types\/page"}],"author":[{"embeddable":true,"href":"http:\/\/www.stargardt.fr\/test\/wp-json\/wp\/v2\/users\/2"}],"replies":[{"embeddable":true,"href":"http:\/\/www.stargardt.fr\/test\/wp-json\/wp\/v2\/comments?post=516"}],"version-history":[{"count":7,"href":"http:\/\/www.stargardt.fr\/test\/wp-json\/wp\/v2\/pages\/516\/revisions"}],"predecessor-version":[{"id":645,"href":"http:\/\/www.stargardt.fr\/test\/wp-json\/wp\/v2\/pages\/516\/revisions\/645"}],"up":[{"embeddable":true,"href":"http:\/\/www.stargardt.fr\/test\/wp-json\/wp\/v2\/pages\/291"}],"wp:attachment":[{"href":"http:\/\/www.stargardt.fr\/test\/wp-json\/wp\/v2\/media?parent=516"}],"curies":[{"name":"wp","href":"https:\/\/api.w.org\/{rel}","templated":true}]}}