{"id":818,"date":"2014-08-04T11:02:43","date_gmt":"2014-08-04T10:02:43","guid":{"rendered":"http:\/\/www.stargardt.fr\/test\/?page_id=818"},"modified":"2014-09-03T15:23:32","modified_gmt":"2014-09-03T14:23:32","slug":"centres-de-reference","status":"publish","type":"page","link":"http:\/\/www.stargardt.fr\/test\/la-genetique-gene-abca4\/centres-de-reference\/","title":{"rendered":"Les centres de r\u00e9f\u00e9rence"},"content":{"rendered":"<h2>Liste des centres de r\u00e9f\u00e9rence coordonnateurs<\/h2>\n<div class=\"page\" title=\"Page 1\">\n<div class=\"section\">\n<div class=\"layoutArea\">\n<div class=\"column\">\n<p><span style=\"color: #201f1f;\">Les<\/span><strong style=\"color: #1c1c1c;\">\u00a0<\/strong><span style=\"color: #201f1f;\">\u00a0<strong>c<\/strong><\/span><strong>entres de r\u00e9f\u00e9rence des maladies rares en ophtalmologie<\/strong><span style=\"color: #201f1f;\">\u00a0assurent \u00a0l&rsquo;am\u00e9lioration du diagnostic par des m\u00e9decins experts, \u00a0les modalit\u00e9s de prise en charge des patients et de leur famille, le d\u00e9veloppement des programmes de recherche sur les\u00a0maladies ayant un retentissement ophtalmologique\u00a0et la diffusion d&rsquo;informations aux patients.<\/span><\/p>\n<p>&nbsp;<\/p>\n<h3>R\u00e9gion Alsace<\/h3>\n<div class=\"page\" title=\"Page 3\">\n<div class=\"layoutArea\">\n<ul>\n<li><strong>STRASBOURG \u2013 CHU H\u00f4pital de Hautepierre \/\u00a0<\/strong>Clinique ophtalmologique<\/li>\n<\/ul>\n<p>Centre de r\u00e9f\u00e9rence pour les affections ophtalmologiques g\u00e9n\u00e9tiques<\/p>\n<p>Centre de r\u00e9f\u00e9rence des affections ophtalmologiques d\u2019origine g\u00e9n\u00e9tique<\/p>\n<p>Coordonnatrice: Pr H\u00e9l\u00e8ne DOLLFUS<\/p>\n<p>CHU H\u00f4pital de Hautepierre<\/p>\n<p>Service de G\u00e9n\u00e9tique M\u00e9dicale<\/p>\n<p>Avenue Moli\u00e8re<\/p>\n<p>67098 STRASBOURG CEDEX<\/p>\n<p>T\u00e9l\u00e9phone : 03 88 11 65 53<\/p>\n<p>T\u00e9l\u00e9phone pour prise de rendez-vous :<span style=\"color: #444444;\">\u00a003 88 12 81 20<\/span><\/p>\n<p>&nbsp;<\/p>\n<h3>R\u00e9gion Languedoc Rousillon<\/h3>\n<\/div>\n<\/div>\n<\/div>\n<\/div>\n<\/div>\n<\/div>\n<ul>\n<li><strong>MONTPELLIER \u2013 CHU H\u00f4pital Gui de Chauliac<\/strong> \/\u00a0Service d\u2019ophtalmologie<\/li>\n<\/ul>\n<p>Centre de r\u00e9f\u00e9rence des affections sensorielles g\u00e9n\u00e9tiques<\/p>\n<p>Consultation du centre de r\u00e9f\u00e9rence des maladies ophtalmologiques rares<\/p>\n<p>Coordonnateur : Dr Christian HAMEL<\/p>\n<p>M\u00e9decin participant : \u00a0Dr Isabelle MEUNIER<\/p>\n<p>H\u00f4pital Gui de Chauliac<\/p>\n<p>Service d\u2019ophtalmologie<\/p>\n<p>80, Avenue Augustin Fliche<\/p>\n<p>34295 MONTPELLIER CEDEX 5<\/p>\n<p>T\u00e9l\u00e9phone du secr\u00e9tariat m\u00e9dical : 04 67 33 02 78<\/p>\n<p>&nbsp;<\/p>\n<h3>R\u00e9gion Ile de France<\/h3>\n<ul>\n<li><strong>PARIS \u2013 H\u00f4pital Necker \u2013 Enfants Malades \u00a0\/\u00a0<\/strong>Service d\u2019ophtalmologie<\/li>\n<\/ul>\n<p>Centre de r\u00e9f\u00e9rence des maladies rares en ophtalmologie<\/p>\n<p>Consultation du centre de r\u00e9f\u00e9rence des dystrophies r\u00e9tiniennes d\u2019origine g\u00e9n\u00e9tique<\/p>\n<p>Coordonnateur : Pr Jean-Louis DUFIER<\/p>\n<p>M\u00e9decins participants : \u00a0Mme Dr Josseline KAPLAN, M. Dr Olivier ROCHE<\/p>\n<p>H\u00f4pital Necker \u2013 Enfants Malades<\/p>\n<p>149 Rue de S\u00e8vres<\/p>\n<p>75743 PARIS CEDEX 15<\/p>\n<p>T\u00e9l\u00e9phone :\u00a001 44 49 45 03<\/p>\n<p>T\u00e9l\u00e9phone pour prise de rendez-vous : <span style=\"color: #48423f;\">01 44 49 45 07<\/span><\/p>\n<p>&nbsp;<\/p>\n<ul>\n<li><strong>PARIS \u2013 Centre hospitalier national d\u2019ophtalmologie des Quinze-Vingts<\/strong><\/li>\n<\/ul>\n<p>Centre de r\u00e9f\u00e9rence des dystrophies r\u00e9tiniennes d\u2019origine g\u00e9n\u00e9tique<\/p>\n<p>Coordonnateur :\u00a0Pr Jos\u00e9 Alain SAHEL<\/p>\n<p>Centre hospitalier national d\u2019ophtalmologie des Quinze-Vingts<\/p>\n<p>Service d\u2019ophtalmologie IV<\/p>\n<p>28 Rue de Charenton<\/p>\n<p>75571 PARIS CEDEX 12<\/p>\n<p>T\u00e9l\u00e9phone : 01 40 02 \u00a015 20 \/\u00a014\u00a030<\/p>\n<p>&nbsp;<\/p>\n<h2><\/h2>\n<p>Les centres de r\u00e9f\u00e9rences sont r\u00e9f\u00e9renc\u00e9s sur Orphanet d\u2019apr\u00e8s la liste \u00e9tablie par le minist\u00e8re de la sant\u00e9.<\/p>\n<div class=\"page\" title=\"Page 2\">\n<div class=\"layoutArea\">\n<div class=\"column\">\n<p><a href=\"http:\/\/www.orpha.net\/orphacom\/cahiers\/docs\/FR\/Liste_des_centres_de_reference_labellises.pdf\" target=\"_blank\"><span style=\"font-style: italic; color: rgb(0.000000%, 67.500000%, 71.300000%);\">http:\/\/www.orpha.net\/orphacom\/cahiers\/docs\/FR\/Liste_des_centres_de_reference_labellises.pdf\u00a0<\/span><\/a><\/p>\n<p>&nbsp;<\/p>\n<\/div>\n<\/div>\n<\/div>\n<div style=\"padding-bottom:20px; padding-top:10px;\" class=\"hupso-share-buttons\"><!-- Hupso Share Buttons - https:\/\/www.hupso.com\/share\/ --><a class=\"hupso_toolbar\" href=\"https:\/\/www.hupso.com\/share\/\"><img src=\"http:\/\/static.hupso.com\/share\/buttons\/lang\/fr\/share.png\" rel=\"PrettyPhoto[818]\" style=\"border:0px; padding-top: 5px; float:left;\" alt=\"Share Button\"\/><\/a><script type=\"text\/javascript\">var hupso_services_t=new Array(\"Twitter\",\"Facebook\",\"Google Plus\");var hupso_background_t=\"#EAF4FF\";var hupso_border_t=\"#66CCFF\";var hupso_toolbar_size_t=\"big\";var hupso_image_folder_url = \"\";var hupso_url_t=\"\";var hupso_title_t=\"Les%20centres%20de%20r%C3%A9f%C3%A9rence\";<\/script><script type=\"text\/javascript\" src=\"http:\/\/static.hupso.com\/share\/js\/share_toolbar.js\"><\/script><!-- Hupso Share Buttons --><\/div>","protected":false},"excerpt":{"rendered":"<p>Liste des centres de r\u00e9f\u00e9rence coordonnateurs Les\u00a0\u00a0centres de r\u00e9f\u00e9rence des maladies rares en ophtalmologie\u00a0assurent \u00a0l&rsquo;am\u00e9lioration du diagnostic par des m\u00e9decins experts, \u00a0les modalit\u00e9s de prise en charge des patients et de leur famille, le d\u00e9veloppement des programmes de recherche sur les\u00a0maladies ayant un retentissement ophtalmologique\u00a0et la diffusion d&rsquo;informations aux patients. &nbsp; R\u00e9gion Alsace STRASBOURG \u2013&#8230;<\/p>\n<div style=\"padding-bottom:20px; padding-top:10px;\" class=\"hupso-share-buttons\"><!-- Hupso Share Buttons - https:\/\/www.hupso.com\/share\/ --><a class=\"hupso_toolbar\" href=\"https:\/\/www.hupso.com\/share\/\"><img src=\"http:\/\/static.hupso.com\/share\/buttons\/lang\/fr\/share.png\" style=\"border:0px; padding-top: 5px; float:left;\" alt=\"Share Button\"\/><\/a><script type=\"text\/javascript\">var hupso_services_t=new Array(\"Twitter\",\"Facebook\",\"Google Plus\");var hupso_background_t=\"#EAF4FF\";var hupso_border_t=\"#66CCFF\";var hupso_toolbar_size_t=\"big\";var hupso_image_folder_url = \"\";var hupso_url_t=\"\";var hupso_title_t=\"Les%20centres%20de%20r%C3%A9f%C3%A9rence\";<\/script><script type=\"text\/javascript\" src=\"http:\/\/static.hupso.com\/share\/js\/share_toolbar.js\"><\/script><!-- Hupso Share Buttons --><\/div>","protected":false},"author":4,"featured_media":0,"parent":303,"menu_order":0,"comment_status":"closed","ping_status":"closed","template":"","meta":[],"yoast_head":"<!-- This site is optimized with the Yoast SEO plugin v19.4 - https:\/\/yoast.com\/wordpress\/plugins\/seo\/ -->\n<title>Les centres de r\u00e9f\u00e9rence - Nouveau site test<\/title>\n<meta name=\"description\" content=\"Liste et coordonn\u00e9es des centres de r\u00e9f\u00e9rence des maladies ophtalmologiques. 4 centres de r\u00e9f\u00e9rence concernent la maladie de Stargardt.\" \/>\n<meta name=\"robots\" content=\"index, follow, max-snippet:-1, max-image-preview:large, max-video-preview:-1\" \/>\n<link rel=\"canonical\" href=\"http:\/\/www.stargardt.fr\/test\/la-genetique-gene-abca4\/centres-de-reference\/\" \/>\n<meta property=\"og:locale\" content=\"fr_FR\" \/>\n<meta property=\"og:type\" content=\"article\" \/>\n<meta property=\"og:title\" content=\"Les centres de r\u00e9f\u00e9rence - Nouveau site test\" \/>\n<meta property=\"og:description\" content=\"Liste et coordonn\u00e9es des centres de r\u00e9f\u00e9rence des maladies ophtalmologiques. 4 centres de r\u00e9f\u00e9rence concernent la maladie de Stargardt.\" \/>\n<meta property=\"og:url\" content=\"http:\/\/www.stargardt.fr\/test\/la-genetique-gene-abca4\/centres-de-reference\/\" \/>\n<meta property=\"og:site_name\" content=\"Nouveau site test\" \/>\n<meta property=\"article:modified_time\" content=\"2014-09-03T14:23:32+00:00\" \/>\n<meta name=\"twitter:label1\" content=\"Dur\u00e9e de lecture estim\u00e9e\" \/>\n\t<meta name=\"twitter:data1\" content=\"2 minutes\" \/>\n<script type=\"application\/ld+json\" class=\"yoast-schema-graph\">{\"@context\":\"https:\/\/schema.org\",\"@graph\":[{\"@type\":\"WebSite\",\"@id\":\"http:\/\/www.stargardt.fr\/test\/#website\",\"url\":\"http:\/\/www.stargardt.fr\/test\/\",\"name\":\"Nouveau site test\",\"description\":\"Agir pour la recherche sur la maladie de Stargardt\",\"potentialAction\":[{\"@type\":\"SearchAction\",\"target\":{\"@type\":\"EntryPoint\",\"urlTemplate\":\"http:\/\/www.stargardt.fr\/test\/?s={search_term_string}\"},\"query-input\":\"required name=search_term_string\"}],\"inLanguage\":\"fr-FR\"},{\"@type\":\"WebPage\",\"@id\":\"http:\/\/www.stargardt.fr\/test\/la-genetique-gene-abca4\/centres-de-reference\/\",\"url\":\"http:\/\/www.stargardt.fr\/test\/la-genetique-gene-abca4\/centres-de-reference\/\",\"name\":\"Les centres de r\u00e9f\u00e9rence - Nouveau site test\",\"isPartOf\":{\"@id\":\"http:\/\/www.stargardt.fr\/test\/#website\"},\"datePublished\":\"2014-08-04T10:02:43+00:00\",\"dateModified\":\"2014-09-03T14:23:32+00:00\",\"description\":\"Liste et coordonn\u00e9es des centres de r\u00e9f\u00e9rence des maladies ophtalmologiques. 4 centres de r\u00e9f\u00e9rence concernent la maladie de Stargardt.\",\"breadcrumb\":{\"@id\":\"http:\/\/www.stargardt.fr\/test\/la-genetique-gene-abca4\/centres-de-reference\/#breadcrumb\"},\"inLanguage\":\"fr-FR\",\"potentialAction\":[{\"@type\":\"ReadAction\",\"target\":[\"http:\/\/www.stargardt.fr\/test\/la-genetique-gene-abca4\/centres-de-reference\/\"]}]},{\"@type\":\"BreadcrumbList\",\"@id\":\"http:\/\/www.stargardt.fr\/test\/la-genetique-gene-abca4\/centres-de-reference\/#breadcrumb\",\"itemListElement\":[{\"@type\":\"ListItem\",\"position\":1,\"name\":\"Accueil\",\"item\":\"http:\/\/www.stargardt.fr\/test\/\"},{\"@type\":\"ListItem\",\"position\":2,\"name\":\"La g\u00e9n\u00e9tique\",\"item\":\"http:\/\/www.stargardt.fr\/test\/la-genetique-gene-abca4\/\"},{\"@type\":\"ListItem\",\"position\":3,\"name\":\"Les centres de r\u00e9f\u00e9rence\"}]}]}<\/script>\n<!-- \/ Yoast SEO plugin. -->","yoast_head_json":{"title":"Les centres de r\u00e9f\u00e9rence - Nouveau site test","description":"Liste et coordonn\u00e9es des centres de r\u00e9f\u00e9rence des maladies ophtalmologiques. 4 centres de r\u00e9f\u00e9rence concernent la maladie de Stargardt.","robots":{"index":"index","follow":"follow","max-snippet":"max-snippet:-1","max-image-preview":"max-image-preview:large","max-video-preview":"max-video-preview:-1"},"canonical":"http:\/\/www.stargardt.fr\/test\/la-genetique-gene-abca4\/centres-de-reference\/","og_locale":"fr_FR","og_type":"article","og_title":"Les centres de r\u00e9f\u00e9rence - Nouveau site test","og_description":"Liste et coordonn\u00e9es des centres de r\u00e9f\u00e9rence des maladies ophtalmologiques. 4 centres de r\u00e9f\u00e9rence concernent la maladie de Stargardt.","og_url":"http:\/\/www.stargardt.fr\/test\/la-genetique-gene-abca4\/centres-de-reference\/","og_site_name":"Nouveau site test","article_modified_time":"2014-09-03T14:23:32+00:00","twitter_misc":{"Dur\u00e9e de lecture estim\u00e9e":"2 minutes"},"schema":{"@context":"https:\/\/schema.org","@graph":[{"@type":"WebSite","@id":"http:\/\/www.stargardt.fr\/test\/#website","url":"http:\/\/www.stargardt.fr\/test\/","name":"Nouveau site test","description":"Agir pour la recherche sur la maladie de Stargardt","potentialAction":[{"@type":"SearchAction","target":{"@type":"EntryPoint","urlTemplate":"http:\/\/www.stargardt.fr\/test\/?s={search_term_string}"},"query-input":"required name=search_term_string"}],"inLanguage":"fr-FR"},{"@type":"WebPage","@id":"http:\/\/www.stargardt.fr\/test\/la-genetique-gene-abca4\/centres-de-reference\/","url":"http:\/\/www.stargardt.fr\/test\/la-genetique-gene-abca4\/centres-de-reference\/","name":"Les centres de r\u00e9f\u00e9rence - Nouveau site test","isPartOf":{"@id":"http:\/\/www.stargardt.fr\/test\/#website"},"datePublished":"2014-08-04T10:02:43+00:00","dateModified":"2014-09-03T14:23:32+00:00","description":"Liste et coordonn\u00e9es des centres de r\u00e9f\u00e9rence des maladies ophtalmologiques. 4 centres de r\u00e9f\u00e9rence concernent la maladie de Stargardt.","breadcrumb":{"@id":"http:\/\/www.stargardt.fr\/test\/la-genetique-gene-abca4\/centres-de-reference\/#breadcrumb"},"inLanguage":"fr-FR","potentialAction":[{"@type":"ReadAction","target":["http:\/\/www.stargardt.fr\/test\/la-genetique-gene-abca4\/centres-de-reference\/"]}]},{"@type":"BreadcrumbList","@id":"http:\/\/www.stargardt.fr\/test\/la-genetique-gene-abca4\/centres-de-reference\/#breadcrumb","itemListElement":[{"@type":"ListItem","position":1,"name":"Accueil","item":"http:\/\/www.stargardt.fr\/test\/"},{"@type":"ListItem","position":2,"name":"La g\u00e9n\u00e9tique","item":"http:\/\/www.stargardt.fr\/test\/la-genetique-gene-abca4\/"},{"@type":"ListItem","position":3,"name":"Les centres de r\u00e9f\u00e9rence"}]}]}},"_links":{"self":[{"href":"http:\/\/www.stargardt.fr\/test\/wp-json\/wp\/v2\/pages\/818"}],"collection":[{"href":"http:\/\/www.stargardt.fr\/test\/wp-json\/wp\/v2\/pages"}],"about":[{"href":"http:\/\/www.stargardt.fr\/test\/wp-json\/wp\/v2\/types\/page"}],"author":[{"embeddable":true,"href":"http:\/\/www.stargardt.fr\/test\/wp-json\/wp\/v2\/users\/4"}],"replies":[{"embeddable":true,"href":"http:\/\/www.stargardt.fr\/test\/wp-json\/wp\/v2\/comments?post=818"}],"version-history":[{"count":8,"href":"http:\/\/www.stargardt.fr\/test\/wp-json\/wp\/v2\/pages\/818\/revisions"}],"predecessor-version":[{"id":839,"href":"http:\/\/www.stargardt.fr\/test\/wp-json\/wp\/v2\/pages\/818\/revisions\/839"}],"up":[{"embeddable":true,"href":"http:\/\/www.stargardt.fr\/test\/wp-json\/wp\/v2\/pages\/303"}],"wp:attachment":[{"href":"http:\/\/www.stargardt.fr\/test\/wp-json\/wp\/v2\/media?parent=818"}],"curies":[{"name":"wp","href":"https:\/\/api.w.org\/{rel}","templated":true}]}}